12739 is divided by 17?
7
Calculate the remainder when 3198917 is divided by 1115.
1097
Calculate the remainder when 3488933 is divided by 27045.
128
Calculate the remainder when 8299603 is divided by 113693.
14
Calculate the remainder when 28698 is divided by 274.
202
Calculate the remainder when 2248467 is divided by 1292.
387
What is the remainder when 1596565 is divided by 2098?
2085
What is the remainder when 1055099 is divided by 18503?
428
Calculate the remainder when 1734613 is divided by 1130.
63
Calculate the remainder when 164158 is divided by 111.
100
Calculate the remainder when 1359266 is divided by 164.
34
What is the remainder when 245143 is divided by 1779?
1420
What is the remainder when 9846362 is divided by 3282118?
8
Calculate the remainder when 223408978 is divided by 1105985.
8
Calculate the remainder when 45012 is divided by 616.
44
Calculate the remainder when 450172 is divided by 112304.
956
What is the remainder when 64411903 is divided by 121?
94
What is the remainder when 9522221 is divided by 37342?
11
What is the remainder when 3024667 is divided by 39275?
492
What is the remainder when 8641384 is divided by 57?
13
What is the remainder when 3314206 is divided by 301291?
5
Calculate the remainder when 149859 is divided by 461.
34
Calculate the remainder when 1765902 is divided by 56964.
18
Calculate the remainder when 86247085 is divided by 677.
670
Calculate the remainder when 12797 is divided by 3559.
2120
What is the remainder when 2268453 is divided by 3951?
579
What is the remainder when 1155934 is divided by 385191?
361
What is the remainder when 197253 is divided by 46297?
12065
Calculate the remainder when 712851 is divided by 309.
297
Calculate the remainder when 7204870 is divided by 1029261.
43
What is the remainder when 1254232 is divided by 30?
22
Calculate the remainder when 49934 is divided by 1189.
1185
What is the remainder when 59151 is divided by 6433?
1254
Calculate the remainder when 18153276 is divided by 691.
15
Calculate the remainder when 10262032 is divided by 5.
2
What is the remainder when 2210624 is divided by 382?
372
What is the remainder when 8304633 is divided by 1415?
1413
Calculate the remainder when 32758564 is divided by 544.
516
What is the remainder when 67388 is divided by 48?
44
Calculate the remainder when 27543644 is divided by 44.
40
Calculate the remainder when 239795 is divided by 2423.
2341
What is the remainder when 12402100 is divided by 101?
7
Calculate the remainder when 1013646 is divided by 202627.
511
What is the remainder when 1366719 is divided by 249?
207
Calculate the remainder when 15054588 is divided by 24599.
0
What is the remainder when 1686252 is divided by 1264?
76
Calculate the remainder when 283780 is divided by 117.
55
Calculate the remainder when 78590353 is divided by 922.
917
What is the remainder when 8082994 is divided by 2571?
2341
Calculate the remainder when 1186871 is divided by 151.
11
Calculate the remainder when 1081548 is divided by 2492.
20
Calculate the remainder when 61109773 is divided by 329.
326
Calculate the remainder when 366434 is divided by 827.
73
Calculate the remainder when 1468904 is divided by 22951.
40
What is the remainder when 17984178 is divided by 14657?
39
What is the remainder when 28735 is divided by 29?
25
What is the remainder when 4465887 is divided by 18?
15
Calculate the remainder when 384189 is divided by 207.
204
Calculate the remainder when 5077811 is divided by 947.
944
Calculate the remainder when 1132944 is divided by 811.
788
Calculate the remainder when 542621 is divided by 180870.
11
What is the remainder when 240505 is divided by 159?
97
Calculate the remainder when 1712156 is divided by 391.
358
What is the remainder when 5041544 is divided by 2003?
1996
Calculate the remainder when 115001456 is divided by 169.
167
Calculate the remainder when 19012815 is divided by 1544.
1543
What is the remainder when 1484261 is divided by 61817?
653
Calculate the remainder when 57092 is divided by 28073.
946
What is the remainder when 2126461 is divided by 531559?
225
Calculate the remainder when 20694 is divided by 5591.
3921
What is the remainder when 606114 is divided by 9657?
7380
Calculate the remainder when 830651 is divided by 1430.
1251
What is the remainder when 11750663 is divided by 3916886?
5
Calculate the remainder when 6494229 is divided by 12.
9
Calculate the remainder when 179614465 is divided by 1083.
1081
Calculate the remainder when 205304 is divided by 68383.
155
Calculate the remainder when 2414720 is divided by 10976.
0
Calculate the remainder when 15061878 is divided by 19.
8
What is the remainder when 14292516 is divided by 10738?
238
Calculate the remainder when 140092 is divided by 15434.
1186
Calculate the remainder when 2699913 is divided by 19.
13
Calculate the remainder when 728197 is divided by 5967.
223
Calculate the remainder when 1413168 is divided by 2505.
348
What is the remainder when 65865 is divided by 364?
345
What is the remainder when 1911348 is divided by 298?
274
Calculate the remainder when 300602 is divided by 294406.
6196
What is the remainder when 9430293 is divided by 22889?
25
Calculate the remainder when 5435357 is divided by 18239.
135
Calculate the remainder when 25799 is divided by 12119.
1561
Calculate the remainder when 209484 is divided by 88.
44
Calculate the remainder when 112662414 is divided by 17.
14
Calculate the remainder when 56461 is divided by 2461.
2319
Calculate the remainder when 460977 is divided by 529.
218
What is the remainder when 23264876 is divided by 120?
116
Calculate the remainder when 111319 is divided by 18208.
2071
Calculate the remainder when 976377 is divided by 34.
33
Calculate the remainder when 3739693 is divided by 1.
0
What is the remainder when 147614 is divided by 49201?
11
Calculate the remainder when 519374 is divided by 2164.
14
Calculate the remainder when 8144410 is divided by 8144395.
15
Calculate the remainder when 131133 is divided by 8741.
18
What is the remainder when 7526208 is divided by 817?
4
What is the remainder when 249172 is divided by 1169?
175
Calculate the remainder when 9210596 is divided by 350.
346
What is the remainder when 2990251 is divided by 1147?
22
Calculate the remainder when 879475 is divided by 10358.
9403
Calculate the remainder when 104475781 is divided by 56.
53
Calculate the remainder when 59889 is divided by 144.
129
What is the remainder when 5536956 is divided by 5536950?
6
Calculate the remainder when 558539 is divided by 185500.
2039
What is the remainder when 1408302 is divided by 16?
14
Calculate the remainder when 139184486 is divided by 19.
5
What is the remainder when 1096871 is divided by 4389?
4010
Calculate the remainder when 375199 is divided by 32.
31
What is the remainder when 4018363 is divided by 574051?
6
Calculate the remainder when 11009876 is divided by 1572828.
80
Calculate the remainder when 39104224 is divided by 81.
16
Calculate the remainder when 506260 is divided by 11501.
216
What is the remainder when 2573455 is divided by 2037?
724
Calculate the remainder when 58363 is divided by 3811.
1198
Calculate the remainder when 5083300 is divided by 726184.
12
What is the remainder when 47267 is divided by 47196?
71
Calculate the remainder when 199407754 is divided by 72.
10
What is the remainder when 271722404 is divided by 67930598?
12
Calculate the remainder when 5244959 is divided by 2622422.
115
What is the remainder when 412188119 is divided by 4794?
4793
Calculate the remainder when 9608811 is divided by 34.
3
Calculate the remainder when 61154947 is divided by 66836.
7
Calculate the remainder when 55343844 is divided by 89.
84
What is the remainder when 229705 is divided by 1946?
77
Calculate the remainder when 376318 is divided by 5534.
6
What is the remainder when 1031640 is divided by 1476?
1392
What is the remainder when 174832 is divided by 174702?
130
What is the remainder when 221625 is divided by 217?
68
What is the remainder when 66953919 is divided by 55?
54
Calculate the remainder when 115427 is divided by 334.
197
Calculate the remainder when 151841 is divided by 562.
101
Calculate the remainder when 196754586 is divided by 680.
666
Wha